igit of v?
9
Let p be 26 + (-2)/(-7) + (-8)/28. Let y = 29 - p. Suppose -y = j - 8. What is the units digit of j?
5
Let a(t) be the first derivative of -89*t**2 + 47*t + 33. What is the hundreds digit of a(-7)?
2
Let d = -33 + 36. Let b(c) = 0*c**3 + 4*c + 3*c**2 - 6 + 0*c + 0*c - c**3. What is the units digit of b(d)?
6
Suppose 9*d = 8*d - 10. Let o be -6*125/d*(-40)/(-3). Suppose -6*c + o = -c. What is the tens digit of c?
0
Let o(s) = 43*s**2 + 194*s + 1124. What is the units digit of o(-6)?
8
Let a(q) = -32*q - 3. Let j(t) = -1. Let w(l) = l + 1. Let k(n) = 5*j(n) - w(n). Let m be k(-5). What is the units digit of a(m)?
9
Suppose -38*y = -22*y - 192. Suppose -y = -u + 2*p, 0*u = 2*u - p - 9. What is the units digit of u?
2
Let q = 47 - 171. Let d be 2/18*6 - q/3. Suppose p - d - 40 = 0. What is the tens digit of p?
8
Suppose -200833 = -54*w + 211511. What is the units digit of w?
6
Let r(g) = -3256*g - 2308. What is the thousands digit of r(-8)?
3
Suppose -2*w + 4*v = 3*v - 68, 0 = 4*v - 16. Let r = w + 15. What is the tens digit of r?
5
Suppose -31*u - 8 = 302. Let r(j) = 19*j**2 + 95*j - 7. What is the tens digit of r(u)?
4
Let f be 2 - ((-13)/4 - (-4)/16). Suppose f*n = 8*n - 6. What is the hundreds digit of (-439)/(-4) + (n - 7/4)?
1
Suppose -3 = 37*r - 38*r. Suppose -2*t + r*p = 16, -p = -3*t + 4 - 42. Let q(n) = -n**2 - 27*n - 33. What is the units digit of q(t)?
9
Let w be 1/3*(2 + -2)/(-5). Let j be w + 108*1 + (-23 - -19). Let v = j + -46. What is the tens digit of v?
5
Suppose -5*s - 38501 = -n, n = -3*s + 20315 + 18170. What is the tens digit of n?
9
Let o(d) be the third derivative of 1/6*d**4 + 0*d**3 + 0 + 0*d + 4*d**2. What is the units digit of o(6)?
4
Suppose -3*d + d + 3 = -o, -5*d + o + 6 = 0. Let h(z) = 3*z**2 - 2*z + 2. Let m be h(d). Let l(p) = 4*p**3 - 3*p**2 - 4*p + 5. What is the units digit of l(m)?
4
Let l = -2146 - -1333. Let z = 1247 + l. What is the hundreds digit of z?
4
Let c = 44942 + -22852. What is the hundreds digit of c?
0
Let h = -9615 + 11117. What is the tens digit of h?
0
Let l(h) = -70*h - 847. Let o be l(-16). Let a(i) = -i + 12. Let p be a(7). Suppose 2*c = p*c - o. What is the tens digit of c?
9
Suppose -a - 5*a + 48686 = 16*a. What is the thousands digit of a?
2
Suppose 0 = 5*z + 1369 - 489. Let n = z + 248. What is the units digit of n?
2
Let m = -518 + 558. Suppose -m*w = 4228 - 14548. What is the hundreds digit of w?
2
Let p be 3 - (2/(-3)*3 + 1). Suppose -4*z + 218 = p*f + 14, 0 = 3*z - 5*f - 161. Suppose -k - z = -130. What is the units digit of k?
8
Suppose 184*g - 8429 = 183*g. What is the tens digit of g?
2
What is the thousands digit of (-12 + (-99594)/54)/((-2)/6)?
5
Let j(o) = -o**3 + 2*o**2 - o - 1. Let i(d) = d**3 - 25*d**2 - 26*d - 74. Let a(m) = -i(m) - 2*j(m). What is the units digit of a(-17)?
6
Suppose 59626 = 2*x - 4*j, 3*x + 15685 = -3*j + 105079. What is the units digit of x?
3
What is the hundreds digit of 21767/1 + -4 - 10/((-14)/7)?
7
Let h = -56 + 55. Let w be 1/h + 3 - (5 - 8). Suppose w*s - 715 = -215. What is the hundreds digit of s?
1
Let z be (-1)/9*-178 + 54/243. Let x(w) = -w**2 + 20*w. Let g be x(z). Let y(i) = -i**3 + i**2 - 2*i + 85. What is the tens digit of y(g)?
8
What is the hundreds digit of ((-271146)/4 - (-3 - 80/(-32)))/(-2)?
8
Let j be -4 + 15/4 + 1/4. Suppose -2*w + j*w + 228 = 0. Let i = -76 + w. What is the units digit of i?
8
Let y = 1007 - 239. Let r = y - 592. What is the tens digit of r?
7
Let l(z) = -2*z**3 + 10*z**2 - 17*z - 3. Let q be l(3). Let s(k) = 2*k + 39. Let x be s(q). Suppose x*t - 307 = 71. What is the hundreds digit of t?
1
Let k = -38493 + 57265. What is the units digit of k?
2
What is the thousands digit of 244/2318 + 5/(95/30284)?
1
Suppose -3*g - 5*p = -104, 0 = g - 4*p + 4 - 16. Let x = g - 34. What is the units digit of 10/(-3)*9/x?
5
Suppose -2*f + 502 = t - 3*f, t - 492 = -f. Suppose 14*m - 3465 = t. What is the tens digit of m?
8
Suppose 124*t - 114*t - 42120 = 0. What is the tens digit of t?
1
Suppose 5*m - 72 + 22 = 0. Let v(j) = 3*j + 21. Let y be v(17). Suppose m*o - y = 7*o. What is the tens digit of o?
2
Suppose 0 = 74*l + 39*l - 423863. What is the units digit of l?
1
Let j = 1 - 4. Let u = -737 - -1118. What is the units digit of u/9 - 1*2/j?
3
Let i = 251 + -1772. What is the tens digit of (i/6)/1*44/(-33)?
3
Let s = -2 - -13. Let h(c) = 2*c - c**2 - s + 5*c**2 - 5 + 0*c. What is the units digit of h(6)?
0
Suppose 18 + 36 = 9*m. Let b(l) = -l - m*l**2 + 13*l**2 - 5*l**2 - 56 - l**2. What is the tens digit of b(-13)?
2
Let q(v) = 7*v**3 - 3*v**2 + 2*v - 87. Let w(d) = -d**3 - d**2 - d + 1. Let i(h) = -q(h) - 6*w(h). What is the tens digit of i(9)?
1
Let j(c) = -62*c - 24. Let k be j(-3). Let f(z) = 13*z + 8*z - 17*z + 3*z + k. What is the units digit of f(0)?
2
Suppose 3*q = z - 7, -7*z - 3*q + 13 = -3*z. Suppose 5*h + 214 = 2*r, z*h + 179 = -0*h - r. What is the tens digit of (-9 - h)*(2 + -1) + 1?
3
Let m(l) be the first derivative of 3*l**4/2 + 2*l**3 - 5*l**2/2 + 13*l - 55. What is the hundreds digit of m(4)?
4
Let x(r) = 10*r**2 - 188*r - 30. What is the tens digit of x(27)?
8
What is the tens digit of (-3388052)/(-1085)*7 + (-6)/(-10)?
5
Let w = -2223 + 4221. Suppose 4*h - 1788 = -5*v + w, -3*h = -3*v - 2826. What is the tens digit of h?
4
Let h = -219 - -223. Suppose -1798 = -3*l - 2*b, 3*l - 1802 = -2*b + h*b. What is the hundreds digit of l?
6
Let z(k) = k**3 + 49*k**2 + 12*k + 121. What is the thousands digit of z(-46)?
5
Let s be (6/4)/((-18)/(-24)). Suppose -4*t + 35 = w, 2*t - 92 = -s*w - 10. Let k = w - -60. What is the units digit of k?
3
Let h be (-21)/14*56/3. Let d be (-4)/14 + (-8324)/h. Suppose -5*m - 82 + d = 0. What is the tens digit of m?
4
What is the thousands digit of 96362/4*(64 - 62) - (-6 - -15)?
8
Let v = -179 + 160. Let s = v + 409. What is the hundreds digit of s?
3
Suppose 0 = 11*g - 234 - 437. Suppose -j = -5*f - g, 52 = 3*j - j + 4*f. Suppose -j = 17*u - 19*u. What is the tens digit of u?
1
Suppose 3*t = 15, -5*y + 8*t = 9*t - 25. Suppose 0 = -p, y*z = p + 4*p + 948. What is the hundreds digit of z?
2
Let z be (-14)/4*(5 - 41/7). Suppose -o - 5*q = 12 - 126, 4*o + z*q = 456. What is the tens digit of o?
1
Let p be 0/1*(-15)/(-45). Suppose 2*a + 4*i - 1168 = p, 2*a - 6*i + 3*i - 1196 = 0. What is the units digit of a?
2
Let u(n) = -17*n. Let x(r) = -3*r + 2. Let v be x(0). Suppose -11*y - 39 = v*y. What is the units digit of u(y)?
1
Suppose 2*f + 6 = 0, 2*f - 129 = -5*w - 0*f. Let g be (-1602)/w + (-4)/6. Let s = g + 86. What is the tens digit of s?
2
Let f(q) = 2*q + 20. Let v be f(-15). Let n be ((-14)/(-35))/((-2)/v). Suppose -3*l + 68 = -n*l + i, l = -4*i + 62. What is the tens digit of l?
7
Suppose -5*a - 85256 = -71*a + 179074. What is the tens digit of a?
0
Suppose -3 + 27 = 8*o. Suppose -7 = o*h - 31. Let n(u) = 9*u + 30. What is the hundreds digit of n(h)?
1
Let d(f) = -f**3 + 2*f**2 - 3*f + 19. Let g be d(0). Let k(q) = q**3 - 19*q**2 + 19*q + 30. What is the units digit of k(g)?
1
Let z(m) = -14*m - 42. Let x(r) = -14*r + 245. Let q be x(19). What is the tens digit of z(q)?
5
Let t be 1 - 2 - 1*-41. Let j = 216 - 216. Suppose j = -2*p + 3*p - t. What is the tens digit of p?
4
Let d(x) = -x**3 - 1. Let s be d(-2). Let w(i) = -14*i - 351*i**2 - 361*i**2 + 707*i**2 + i**3 + 2 + 2. What is the units digit of w(s)?
4
Let s = -932 - -604. Suppose 10*b = -3585 - 1065. Let k = s - b. What is the tens digit of k?
3
Suppose 0 = -3*y + g + 1165, 3*y - g - 777 = y. Suppose 0 = 5*l + 2*d - 485, 3*l - 7*l + y = d. Let b = l + 7. What is the hundreds digit of b?
1
Let h = -53 - -58. Suppose h*r + 11 + 9 = 0. Let y(v) = 4*v**2 - 3*v + 5. What is the units digit of y(r)?
1
Let x be 24/21 + -1 + (-3420)/(-315). Suppose 4*d - 4*f - 3640 = 0, -x*d = -10*d + 3*f - 894. What is the hundreds digit of d?
9
What is the units digit of 408/(-168) - -3 - 20358*3/(-14)?
3
Let g = -18 - -22. Suppose 0 = v - 3*h - 386, g*v - 3*h = 1345 + 208. Suppose 5*y - 231 = v. What is the units digit of y?
4
Suppose 85029 = 10*x - 959771. What is the tens digit of (6/(-9))/(6 + x/(-17412))?
5
Let d = 467 - 75. Suppose -d = -r - 8. What is the units digit of r?
4
Suppose 8*h - 4*v = 104872, 2*v + 39360 = 3*h